.
6
Let x(v) = 3*v**2 + 183*v + 2388. What is x(-42)?
-6
Let i(c) = 21*c**3 + 3*c**2 + 7*c - 43. Give i(3).
572
Let i(y) = -y**3 + 32*y**2 + 207*y - 3564. Give i(35).
6
Let f(z) = 1839*z - 33102. Give f(18).
0
Let i(t) = -120*t**3 - 1321*t**2 - 21*t - 107. Determine i(-11).
3
Let h(k) = 109*k + 567. Determine h(-8).
-305
Let t(q) = -q**2 + 47*q - 382. What is t(38)?
-40
Let t(o) = -o**3 - 123*o**2 - 256*o - 1601. Determine t(-121).
93
Let n(o) = 4*o**2 - 11*o + 7. Calculate n(4).
27
Let g(h) = -h**3 - 196*h**2 - 3978*h + 194. Determine g(-173).
21
Let q(w) = 3*w**2 + 209*w + 6. Give q(0).
6
Let a(q) = -q**2 + 21*q - 195. What is a(0)?
-195
Let c(l) = -180*l + 132. Determine c(1).
-48
Let n(x) = -x**3 + 76*x**2 - 72*x - 221. Give n(75).
4
Let l(w) = 9*w**3 - 171*w**2 - 20*w + 38. Determine l(19).
-342
Let m(s) = 3*s**2 - 75*s + 144. Determine m(23).
6
Let t(z) = -4*z**3 - 20*z**2 + 24*z + 2. What is t(-6)?
2
Let b(i) = 601*i + 83553. Give b(-139).
14
Let q(h) = -h**3 - 2*h + 17. What is q(3)?
-16
Let u(q) = 201*q**2 + 12*q + 14. Give u(-1).
203
Let i(l) = -13*l**3 - 100*l**2 + 30*l - 8. What is i(-8)?
8
Let k(b) = 15*b**2 + 208*b + 5. Calculate k(-13).
-164
Let b(j) = -32*j**2 - 95*j + 306. What is b(3)?
-267
Let b(r) = r**3 + 12*r**2 - 16*r - 258. Determine b(-12).
-66
Let v(g) = 11*g + 31. Calculate v(-3).
-2
Let i(k) = -17*k - 1213. Give i(-64).
-125
Let p(s) = s**2 + 36*s + 328. Calculate p(-19).
5
Let r(p) = p**3 - 47*p**2 + 167*p - 95. What is r(3)?
10
Let n(u) = -5*u**3 + u - 4. Determine n(3).
-136
Let d(x) = -51*x - 1011. What is d(-19)?
-42
Let w(l) = 1214*l + 81337. Calculate w(-67).
-1
Let s(z) = 13*z - 305. What is s(25)?
20
Let u(l) = l**3 - 15*l**2 + 412*l - 5598. Determine u(14).
-26
Let z(b) = -46*b**2 - 24*b + 21. Determine z(1).
-49
Let c(x) = x**3 - 9*x**2 - 43*x + 378. Give c(6).
12
Let p(j) = -200*j - 1805. Give p(-9).
-5
Let m(n) = n**3 + 29*n**2 - 65*n - 125. What is m(-31)?
-32
Let g(y) = -7*y**3 + 44*y**2 - 19*y - 19. What is g(5)?
111
Let l(x) = 238*x + 2162. Determine l(-10).
-218
Let o(b) = -b**2 + 25*b + 182. Give o(31).
-4
Let i(f) = f**2 - 71*f - 627. What is i(-8)?
5
Let d(o) = 2*o**3 - 6*o**2 + o - 1. What is d(5)?
104
Let f(v) = 11*v - 1265. What is f(50)?
-715
Let o(y) = 769*y + 8432. Give o(-11).
-27
Let o(s) = 2*s**2 + 114*s - 1185. Determine o(-66).
3
Let q(w) = -w**2 - 39*w - 372. Give q(-11).
-64
Let q(z) = -71*z**2 + 500*z - 14. Calculate q(7).
7
Let c(n) = 2*n**2 - 77*n - 536. Give c(45).
49
Let s(t) = 131*t + 374. Calculate s(-3).
-19
Let v(o) = 17*o**2 - 60*o + 29. Determine v(3).
2
Let k(l) = -12*l**2 + 194*l - 773. Determine k(7).
-3
Let d(s) = 853*s - 3482. Determine d(4).
-70
Let x(p) = 15*p**2 + 64*p + 38. Give x(-5).
93
Let s(i) = -2*i**2 - 53*i - 438. Give s(-13).
-87
Let g(q) = -q**3 - 99*q**2 + 630*q + 58. What is g(-105)?
58
Let a(g) = -g**3 + 11*g**2 - 44*g + 76. Determine a(6).
-8
Let x(s) = -s**2 - 7*s + 80. Give x(-18).
-118
Let p(n) = n**3 + 123*n**2 - 18*n - 2180. Calculate p(-123).
34
Let t(j) = -36*j + 24. Give t(-6).
240
Let h(a) = -a**3 - 17*a**2 - 11*a - 140. What is h(-17)?
47
Let p(u) = 11*u + 104. Determine p(-10).
-6
Let l(s) = 53*s - 361. Determine l(7).
10
Let x(l) = -78*l + 798. Calculate x(8).
174
Let x(l) = 2*l**3 + 438*l**2 + 401*l - 7631. Calculate x(-218).
-1
Let t(j) = 3*j**3 - 331*j**2 - 225*j + 335. Give t(111).
2
Let d(o) = 78*o - 112. Determine d(1).
-34
Let b(a) = 8*a**2 + 87*a - 52. Give b(-11).
-41
Let c(f) = 57*f - 236. What is c(5)?
49
Let y(a) = -18*a**2 + 305*a + 8. What is y(17)?
-9
Let x(r) = -r**3 - 32*r**2 + 577*r - 321. Give x(-45).
39
Let u(z) = -87*z**2 + 1740*z + 15. Determine u(20).
15
Let r(a) = 2*a**3 - 20*a**2 + 17*a + 31. Give r(9).
22
Let a(u) = 361*u + 1084. What is a(-3)?
1
Let y(b) = 121*b - 1587. What is y(13)?
-14
Let m(f) = -31*f - 246. Determine m(-12).
126
Let a(o) = 82*o + 7577. What is a(-94)?
-131
Let n(f) = -10*f**2 + 144*f - 420. Give n(3).
-78
Let x(h) = 62*h + 1798. Calculate x(-29).
0
Let f(g) = 369*g + 5172. What is f(-14)?
6
Let s(j) = j**2 + 49*j - 1208. Determine s(-67).
-2
Let n(b) = -16*b**2 + 196*b + 16. Calculate n(12).
64
Let r(d) = -492*d - 106. What is r(-1)?
386
Let k(g) = 98*g + 97. Determine k(-1).
-1
Let k(o) = 2*o**2 - 36*o + 258. Determine k(7).
104
Let x(c) = 2*c**3 + 22*c**2 + 34*c + 19. Determine x(-10).
-121
Let r(o) = -22*o - 79. What is r(-1)?
-57
Let f(s) = -286*s - 20309. What is f(-71)?
-3
Let p(r) = 628*r**2 + 13191*r + 50. Calculate p(-21).
-13
Let u(d) = -5*d**3 - 90*d**2 - 328*d - 39. What is u(-13)?
0
Let l(p) = -3*p**2 - 13*p + 8. What is l(-4)?
12
Let q(c) = 148*c - 34. Give q(1).
114
Let q(l) = -l**3 - 64*l**2 - 183*l + 20. What is q(-61)?
20
Let o(k) = -5*k**2 + 16*k - 11. Calculate o(3).
-8
Let b(l) = 222*l - 1063. Calculate b(5).
47
Let l(h) = -1090*h - 2183. Determine l(-2).
-3
Let i(w) = -w**3 + 25*w**2 - 46*w - 13. What is i(23)?
-13
Let p(q) = -56*q - 1689. What is p(-32)?
103
Let z(h) = -3*h**2 + 2*h + 66. Determine z(6).
-30
Let f(b) = 17*b**2 + 166*b - 235. Determine f(-11).
-4
Let q(m) = -7*m**2 + 6*m + 35. Determine q(5).
-110
Let l(w) = 2*w**2 - 71*w - 599. Give l(-7).
-4
Let j(r) = -3*r**3 + 11*r**2 - 32*r + 5. Give j(7).
-709
Let q(c) = c**3 + 8*c**2 + 12*c - 11. Determine q(-5).
4
Let z(m) = 950*m - 4733. Calculate z(5).
17
Let l(d) = -d**3 + 7*d**2 + 35*d - 253. Calculate l(7).
-8
Let o(c) = 159*c - 2245. What is o(14)?
-19
Let r(x) = -2*x**2 - 386*x - 2272. Determine r(-187).
-28
Let l(w) = -29*w - 959. What is l(-33)?
-2
Let b(r) = r**3 - 112*r**2 + 126*r - 1662. Determine b(111).
3
Let l(z) = -150*z - 1199. What is l(-8)?
1
Let z(h) = h**2 - 8282*h - 66317. Calculate z(-8).
3
Let t(s) = -s**3 - 14*s**2 + 23*s + 34. Give t(-13).
-434
Let n(b) = 16*b - 855. Give n(51).
-39
Let m(d) = -d**3 - 48*d**2 - 215*d + 16. Determine m(-43).
16
Let y(i) = 6*i**3 - 101*i**2 - 19*i - 10. Calculate y(17).
-44
Let m(u) = 194*u - 12812. What is m(66)?
-8
Let b(t) = -31*t**3 + 91*t**2 - 15*t + 62. What is b(3)?
-1
Let m(t) = 147*t - 878. Give m(6).
4
Let v(m) = -71*m + 3411. Calculate v(60).
-849
Let b(g) = g**2 - 10*g + 30. Give b(8).
14
Let o(u) = -407*u - 8112. What is o(-20)?
28
Let x(b) = 16*b - 176. Give x(18).
112
Let x(u) = -u**2 + 3*u + 1400. Give x(-36).
-4
Let c(w) = w**3 + 6*w - 148. Determine c(6).
104
Let f(u) = -121*u - 233. Determine f(-2).
9
Let k(p) = 2*p**2 - 19*p + 114. Determine k(14).
240
Let h(w) = -w**2 + 1678*w + 28804. Give h(-17).
-11
Let w(m) = m**3 - 5*m**2 - 76*m + 41. Determine w(12).
137
Let k(a) = -771*a**2 + 7709*a + 11. Give k(10).
1
Let p(f) = -50*f + 3012. Determine p(60).
12
Let l(h) = 4*h**3 + 17*h**2 - 148*h - 634. Determine l(-5).
31
Let w(d) = -d**2 + 89*d - 178. Calculate w(2).
-4
Let g(r) = 24*r - 233. Calculate g(9).
-17
Let w(t) = -4455*t - 22245. What is w(-5)?
30
Let k(u) = -11*u + 1362. Give k(124).
-2
Let a(p) = -16*p + 283. Give a(37).
-309
Let t(g) = -g**3 + 16*g**2 + 30*g + 15. Determine t(17).
236
Let f(o) = 148*o + 1034. Calculate f(-7).
-2
Let l(r) = 292*r - 564. Determine l(2).
20
Let p(u) = 3*u**2 + 112*u + 929. Determine p(-25).
4
Let d(x) = 24*x - 168. Determine d(12).
120
Let d(n) = -52*n - 351. Calculate d(-6).
-39
Let k(d) = d**2 + d - 174. Give k(-14).
8
Let l(a) = -a**2 + 42*a + 159. Give l(24).
591
Let n(h) = 9*h + 192. Calculate n(-28).
-60
Let z(u) = -u**2 - 142*u - 4515. Give z(-47).
-50
Let r(v) = -213*v - 309. Calculate r(-3).
330
Let m(k) = -100*k**2 - 34*k + 4. Determine m(1).
-130
Let a(w) = 24*w - 259. Calculate a(11).
5
Let p(k) = -k**2 - 98*k + 1566. Calculate p(14).
-2
Let c(g) = 89*g - 514. What is c(9)?
287
Let a(u) = -46*u**2 + 320*u + 9. Calculate a(7).
-5
Let s(p) = 307*p**2 + 1124*p + 5. What is s(-4)?
421
Let u(x) = 4525*x + 27084. Calculate u(-6).
-66
Let x(v) = -10*v - 39. Calculate x(-10).
61
Let o(y) = -2*y**2 - 8*y + 38. Calculate o(11).
-292
Let t(b) = -12*b**3 - 2*b**2 - 7*b + 10. What is t(1)?
-11
Let t(w) = w**2 + 8*w - 59. What is t(17)?
366
Let c(u) = -u**2 + 46*u - 402. Determine c(31).
63
Let j(r) = -r**2 - 46*r - 157. Calculate j(-8).
147
Let x(i) = -19*i**2 - 110*i + 17. Give x(-6).
-7
Let y(r) = -115*r - 2652. What is y(-23)?
-7
Let y(r) = 17*r**2 + 69*r - 78. Determine y(-5).
2
Let o(c) 